mmon divisor of 198546 and 48?
6
Calculate the highest common divisor of 28 and 1774766.
14
Calculate the highest common divisor of 5146 and 2.
2
Calculate the greatest common divisor of 1694576 and 2496.
208
What is the highest common factor of 166077 and 27?
27
What is the highest common factor of 252 and 4884?
12
What is the greatest common factor of 28041 and 858?
39
What is the greatest common divisor of 37476 and 432?
108
Calculate the greatest common factor of 297 and 866349.
297
Calculate the highest common factor of 637853 and 1688.
211
Calculate the greatest common divisor of 1079 and 227851.
13
Calculate the greatest common factor of 9381828 and 12.
12
What is the highest common factor of 12 and 49422?
6
Calculate the highest common divisor of 3897 and 1206.
9
What is the highest common divisor of 1343 and 15326?
79
What is the greatest common divisor of 42732 and 288?
36
What is the highest common factor of 3634 and 13524?
46
Calculate the greatest common divisor of 1952 and 169336.
488
Calculate the greatest common factor of 206 and 211253.
103
Calculate the highest common divisor of 20141 and 99.
11
Calculate the highest common divisor of 4920 and 155964.
492
What is the highest common divisor of 51620 and 940?
20
Calculate the highest common divisor of 44 and 1675091.
11
Calculate the greatest common factor of 4224 and 11136.
384
Calculate the highest common factor of 29093 and 1857.
619
Calculate the highest common factor of 4369 and 15163.
257
Calculate the greatest common divisor of 7272 and 279366.
606
Calculate the highest common divisor of 90 and 30370.
10
What is the highest common divisor of 234 and 43002?
18
What is the greatest common factor of 20485 and 2125?
85
What is the greatest common factor of 876 and 45625?
73
What is the greatest common divisor of 105857 and 481?
37
What is the highest common divisor of 7237815 and 390?
195
Calculate the greatest common divisor of 12 and 5603412.
12
What is the greatest common divisor of 1409052 and 348?
348
What is the highest common factor of 72541 and 5117?
301
Calculate the greatest common factor of 5610 and 10560.
330
What is the greatest common divisor of 80 and 53230?
10
What is the highest common divisor of 19046 and 623?
89
What is the highest common factor of 837 and 271323?
27
Calculate the highest common factor of 264 and 91608.
264
Calculate the highest common factor of 1070 and 845.
5
Calculate the highest common factor of 49 and 65219.
49
What is the greatest common factor of 1932 and 1817?
23
Calculate the greatest common factor of 900 and 349125.
75
Calculate the highest common divisor of 17200 and 1024.
16
What is the greatest common divisor of 196 and 3444?
28
Calculate the highest common factor of 3861 and 10395.
297
Calculate the greatest common factor of 44 and 264814.
22
Calculate the highest common factor of 906992 and 32.
16
Calculate the greatest common divisor of 595 and 5848.
17
Calculate the greatest common factor of 4 and 37691.
1
What is the highest common factor of 426408 and 489?
489
Calculate the greatest common divisor of 69 and 93127.
23
What is the highest common factor of 4514 and 1037?
61
Calculate the greatest common factor of 10014 and 15.
3
What is the highest common factor of 569006 and 6446?
586
Calculate the greatest common factor of 9536 and 125309.
149
What is the highest common factor of 256 and 622784?
64
Calculate the highest common divisor of 33 and 578127.
33
What is the greatest common factor of 113950 and 50?
50
Calculate the greatest common factor of 64121 and 111.
37
Calculate the highest common divisor of 750 and 184000.
250
What is the greatest common divisor of 65 and 7397?
13
What is the greatest common factor of 1872 and 140634?
234
Calculate the greatest common divisor of 1210 and 1660.
10
What is the highest common divisor of 19 and 216277?
19
Calculate the greatest common factor of 48 and 192776.
8
What is the highest common factor of 54526 and 398?
398
Calculate the greatest common divisor of 472295 and 236.
59
Calculate the highest common divisor of 102516 and 168.
12
Calculate the highest common factor of 294 and 176694.
294
What is the highest common factor of 206096 and 10736?
176
Calculate the greatest common factor of 18 and 616806.
18
What is the greatest common factor of 36 and 7910496?
36
What is the greatest common factor of 710 and 239270?
710
What is the highest common divisor of 14145 and 53505?
615
Calculate the highest common factor of 620877 and 774.
129
What is the greatest common factor of 160 and 73600?
160
Calculate the highest common factor of 2072 and 966.
14
Calculate the greatest common divisor of 108 and 44.
4
Calculate the greatest common factor of 10 and 21669.
1
Calculate the highest common divisor of 468 and 2254395.
39
What is the greatest common factor of 144 and 149112?
72
What is the highest common divisor of 339873 and 579?
579
What is the greatest common divisor of 504882 and 1050?
42
What is the greatest common factor of 2337 and 19893?
57
Calculate the greatest common divisor of 712 and 265576.
712
What is the greatest common divisor of 88 and 38159?
11
Calculate the greatest common divisor of 118 and 554.
2
Calculate the highest common factor of 259 and 18389.
259
Calculate the greatest common divisor of 7081 and 10293.
73
What is the greatest common divisor of 46247 and 309?
103
Calculate the greatest common factor of 368 and 4462.
46
What is the greatest common factor of 83660 and 30080?
940
What is the greatest common divisor of 63 and 11763?
9
Calculate the greatest common divisor of 101652 and 860.
172
What is the highest common factor of 7502 and 6534?
242
Calculate the highest common divisor of 10296 and 94536.
936
What is the highest common divisor of 3962 and 168?
14
What is the greatest common divisor of 53973 and 54?
27
Calculate the highest common divisor of 28 and 4475338.
14
What is the highest common divisor of 81 and 59652?
9
What is the highest common factor of 1400 and 26124?
28
What is the highest common divisor of 12825 and 121500?
675
What is the highest common divisor of 68204 and 31624?
236
Calculate the highest common factor of 885 and 44073.
177
Calculate the highest common divisor of 12327 and 2317.
7
What is the greatest common divisor of 241055 and 37?
37
Calculate the highest common divisor of 2769 and 819.
39
What is the highest common divisor of 327680 and 10560?
320
Calculate the greatest common divisor of 287657 and 51.
17
What is the greatest common factor of 2100 and 18513600?
2100
Calculate the highest common factor of 25 and 1394075.
25
Calculate the greatest common divisor of 65 and 216203.
13
What is the highest common divisor of 52122 and 296964?
438
What is the highest common divisor of 2905 and 371?
7
What is the greatest common factor of 108435 and 65?
5
Calculate the highest common factor of 11162 and 2.
2
What is the greatest common divisor of 1086 and 5010?
6
Calculate the greatest common factor of 178 and 6349616.
178
What is the highest common factor of 70 and 38745?
35
What is the greatest common divisor of 41553 and 11421?
243
Calculate the highest common divisor of 28855 and 580.
145
What is the greatest common divisor of 9559 and 395?
79
What is the greatest common divisor of 60 and 10755?
15
What is the highest common divisor of 742 and 4141102?
742
What is the greatest common factor of 17228 and 2044?
292
What is the greatest common divisor of 171370 and 10?
10
What is the greatest common divisor of 143 and 150865?
143
What is the highest common divisor of 24682 and 9632?
602
What is the greatest common divisor of 2806 and 3082?
46
What is the greatest common factor of 122385 and 3075?
615
Calculate the greatest common factor of 495 and 1926210.
165
Calculate the highest common factor of 20352 and 189528.
1272
Calculate the highest common divisor of 1710 and 817.
19
What is the highest common factor of 34 and 1697314?
34
Calculate the highest common factor of 5767 and 2701.
73
What is the highest common factor of 3240 and 213390?
90
Calculate the greatest common divisor of 183264 and 2.
2
Calculate the greatest common factor of 6117 and 21.
3
Calculate the highest common divisor of 57492 and 180.
36
What is the greate